highest common factor of 8964 and 972?
108
Calculate the greatest common factor of 5902 and 5221.
227
Calculate the highest common factor of 155 and 11129.
31
What is the greatest common factor of 7135 and 115?
5
What is the greatest common factor of 2007 and 1359?
9
What is the highest common factor of 12 and 5847654?
6
What is the highest common factor of 13 and 8581729?
13
What is the highest common divisor of 88996 and 5548?
76
Calculate the highest common factor of 396 and 70389.
99
What is the highest common divisor of 1665 and 32597?
37
What is the greatest common divisor of 17 and 48059?
17
What is the greatest common factor of 7615 and 25?
5
What is the highest common divisor of 12440 and 320?
40
What is the highest common divisor of 3427 and 51?
1
Calculate the highest common divisor of 187839 and 27.
27
Calculate the greatest common factor of 56304 and 736.
368
What is the highest common divisor of 335 and 302639?
67
Calculate the highest common factor of 33 and 984027.
33
What is the greatest common factor of 5035 and 20?
5
What is the highest common factor of 7 and 152313?
7
What is the greatest common factor of 1062109 and 17?
17
What is the greatest common divisor of 2464 and 1562?
22
What is the highest common factor of 126169 and 3143?
449
Calculate the greatest common divisor of 570 and 11460.
30
Calculate the greatest common divisor of 237 and 129244.
79
Calculate the greatest common factor of 65 and 50947.
13
Calculate the greatest common factor of 13156 and 462.
22
What is the greatest common divisor of 43362 and 162?
54
Calculate the greatest common factor of 545 and 15151.
109
Calculate the highest common divisor of 113502 and 6.
6
Calculate the highest common divisor of 39617 and 519.
173
What is the highest common factor of 4348 and 1959861?
1087
Calculate the greatest common factor of 22457600 and 232.
232
Calculate the greatest common divisor of 245361 and 566.
283
Calculate the highest common divisor of 58096 and 16.
16
What is the greatest common factor of 537 and 1668817?
179
Calculate the highest common factor of 284 and 923.
71
What is the greatest common divisor of 344 and 5600?
8
What is the highest common divisor of 12 and 500628?
12
Calculate the greatest common divisor of 576 and 756672.
192
What is the highest common factor of 7136 and 1338?
446
Calculate the greatest common divisor of 425 and 850.
425
Calculate the highest common factor of 252 and 393.
3
Calculate the greatest common divisor of 84969 and 324.
81
What is the greatest common factor of 21497 and 6475?
259
Calculate the highest common divisor of 185 and 2165.
5
What is the greatest common factor of 470 and 1910?
10
What is the highest common divisor of 92 and 2691644?
92
What is the highest common divisor of 17 and 34068?
17
Calculate the highest common factor of 1935 and 15174.
9
Calculate the greatest common divisor of 918 and 7225.
17
What is the greatest common factor of 81 and 4374891?
81
What is the highest common factor of 739 and 54?
1
Calculate the greatest common divisor of 671300 and 35.
35
What is the greatest common factor of 326 and 1430977?
163
What is the greatest common factor of 480 and 34026?
6
What is the greatest common factor of 10 and 5365440?
10
What is the highest common factor of 121100 and 100?
100
Calculate the greatest common factor of 88 and 72193.
11
What is the highest common factor of 17861 and 1219?
53
Calculate the greatest common divisor of 56595 and 5115.
165
What is the highest common divisor of 426 and 1668?
6
What is the greatest common factor of 10574 and 212724?
622
What is the greatest common factor of 23453 and 58882?
499
What is the greatest common factor of 18942 and 36014?
22
Calculate the greatest common factor of 6 and 4911.
3
What is the highest common factor of 363 and 506385?
363
Calculate the highest common divisor of 3039 and 11.
1
Calculate the greatest common divisor of 7488 and 819.
117
What is the greatest common factor of 36134 and 5607?
623
What is the highest common divisor of 1575080 and 208?
104
Calculate the greatest common factor of 2425 and 2328.
97
Calculate the highest common divisor of 5566 and 430606.
506
Calculate the highest common factor of 562 and 346754.
562
What is the greatest common divisor of 6233 and 92?
23
Calculate the highest common divisor of 1518 and 17886.
66
What is the greatest common factor of 32962 and 1?
1
What is the greatest common divisor of 375894 and 54?
54
Calculate the highest common divisor of 2659 and 13.
1
What is the highest common divisor of 562 and 642366?
562
Calculate the highest common factor of 2185417 and 13.
13
Calculate the greatest common divisor of 52 and 1846988.
52
Calculate the greatest common factor of 11765 and 4303.
13
What is the greatest common divisor of 4116 and 2706564?
588
Calculate the greatest common factor of 436960 and 4320.
160
What is the highest common factor of 208288 and 40?
8
What is the greatest common divisor of 8413 and 52781?
47
Calculate the greatest common factor of 496 and 460102.
62
Calculate the greatest common divisor of 192 and 166944.
96
What is the highest common divisor of 34 and 143973?
17
What is the greatest common factor of 590860 and 620?
620
What is the greatest common divisor of 636 and 219208?
212
Calculate the greatest common factor of 5841 and 495.
99
What is the greatest common divisor of 73 and 310469?
73
Calculate the highest common factor of 93 and 7241786.
31
Calculate the highest common divisor of 56 and 2259488.
56
Calculate the highest common factor of 149561 and 1.
1
Calculate the highest common divisor of 423 and 13383.
9
What is the highest common factor of 382965 and 121?
121
Calculate the highest common divisor of 596 and 41571.
149
What is the greatest common divisor of 473712 and 12780?
852
Calculate the highest common divisor of 3451070 and 490.
490
Calculate the greatest common factor of 49464 and 48.
24
Calculate the greatest common divisor of 16 and 36280.
8
What is the highest common factor of 601155 and 730?
365
What is the greatest common factor of 560 and 525560?
280
Calculate the highest common divisor of 6 and 61062.
6
Calculate the greatest common divisor of 33 and 21450.
33
Calculate the greatest common factor of 254995 and 6890.
65
What is the highest common factor of 49259 and 217?
217
What is the highest common factor of 9576 and 12198?
114
Calculate the highest common factor of 1009605 and 55.
5
Calculate the greatest common factor of 1305498 and 6.
6
What is the greatest common factor of 147084 and 1071?
357
Calculate the greatest common divisor of 2 and 16373.
1
Calculate the highest common divisor of 15311 and 9943.
61
Calculate the highest common factor of 10732 and 316.
4
Calculate the greatest common divisor of 13615 and 4060.
35
Calculate the highest common divisor of 1903988 and 2.
2
What is the greatest common divisor of 198 and 101046?
66
What is the greatest common divisor of 51216 and 16368?
528
Calculate the greatest common divisor of 6981 and 897.
39
Calculate the highest common factor of 9 and 3693447.
9
Calculate the highest common divisor of 366 and 405894.
366
Calculate the greatest common divisor of 558505 and 95.
95
Calculate the highest common factor of 1046 and 82634.
1046
What is the highest common divisor of 8512 and 1736?
56
What is the highest common factor of 1025 and 32390?
205
Calculate the greatest common divisor of 7 and 1169.
7
What is the greatest common divisor of 1975 and 2175?
25
Calculate the highest common factor of 62840 and 1960.
40
Calculate the greatest common factor of 182712 and 828.
276
What is the greatest common divisor of 225 and 55875?
75
What is the greatest common factor of 12324 and 24?
12
What is the highest common divisor of 30 and 224670?
30
Calculate the highest common factor of 130487 and 147.
49
What is the highest common factor of 68888 and 395?
79
Calculate the highest common divisor of 81289 and 74.
37
What is the highest common divisor of 34590 and 120?
30
What is the highest common factor of 327 and 66708?
327
What is the greatest common divisor of 1252961 and 1401?
467
Calculate the highest common divisor of 2150 and 50095.
215
Calculate the highest common factor of 65090 and 1698.
566
Ca